 9) in base 11?
2
Convert 252 (base 8) to base 11.
145
-210 (base 5) to base 9
-61
Convert 323 (base 6) to base 5.
443
10 (base 4) to base 13
4
What is -5c (base 13) in base 5?
-302
Convert -40 (base 5) to base 3.
-202
-4 (base 5) to base 6
-4
Convert -1001100 (base 2) to base 14.
-56
What is -20 (base 3) in base 8?
-6
-37 (base 10) to base 6
-101
Convert 0 (base 11) to base 12.
0
Convert 1 (base 14) to base 5.
1
-12 (base 6) to base 14
-8
What is 9 (base 10) in base 5?
14
What is 2 (base 7) in base 11?
2
What is -10020 (base 3) in base 8?
-127
What is -6c (base 14) in base 15?
-66
Convert 72 (base 13) to base 3.
10110
Convert 72 (base 8) to base 16.
3a
-13 (base 11) to base 3
-112
What is 1 (base 7) in base 13?
1
6 (base 9) to base 5
11
What is 49 (base 13) in base 15?
41
6 (base 16) to base 3
20
42 (base 11) to base 7
64
What is -121 (base 7) in base 9?
-71
-19 (base 15) to base 13
-1b
What is 73 (base 10) in base 5?
243
What is -1 (base 7) in base 8?
-1
0 (base 10) to base 11
0
Convert 9 (base 11) to base 13.
9
What is -110 (base 3) in base 10?
-12
What is -3 (base 5) in base 12?
-3
Convert -15 (base 7) to base 11.
-11
5 (base 9) to base 10
5
What is 1121 (base 3) in base 11?
3a
14 (base 15) to base 14
15
3 (base 4) to base 9
3
-110220 (base 3) to base 15
-183
Convert 24 (base 15) to base 5.
114
What is -10 (base 10) in base 9?
-11
Convert -89 (base 14) to base 9.
-144
5 (base 14) to base 8
5
-8 (base 15) to base 6
-12
-43 (base 11) to base 16
-2f
Convert -20 (base 10) to base 3.
-202
-4 (base 12) to base 4
-10
6 (base 10) to base 5
11
What is 35 (base 15) in base 9?
55
Convert 8 (base 10) to base 3.
22
-6 (base 16) to base 15
-6
Convert 61 (base 9) to base 10.
55
22 (base 5) to base 2
1100
-11 (base 9) to base 3
-101
What is -137 (base 9) in base 7?
-223
1101 (base 2) to base 7
16
16 (base 8) to base 15
e
What is -5 (base 13) in base 9?
-5
26 (base 10) to base 5
101
Convert 13 (base 12) to base 15.
10
-2 (base 7) to base 12
-2
What is a (base 16) in base 8?
12
46 (base 13) to base 16
3a
What is 27 (base 12) in base 10?
31
1 (base 16) to base 3
1
Convert 36 (base 13) to base 8.
55
-10 (base 3) to base 11
-3
0 (base 11) to base 5
0
Convert -17 (base 8) to base 14.
-11
Convert 2 (base 15) to base 12.
2
What is -5 (base 14) in base 12?
-5
2332 (base 4) to base 2
10111110
What is -4 (base 12) in base 2?
-100
What is -5 (base 9) in base 2?
-101
What is 23 (base 8) in base 5?
34
What is 13 (base 4) in base 14?
7
What is 148 (base 11) in base 6?
445
Convert 320 (base 5) to base 10.
85
Convert 3 (base 13) to base 16.
3
0 (base 13) to base 10
0
-4 (base 12) to base 3
-11
6 (base 14) to base 2
110
-1 (base 10) to base 15
-1
What is 13 (base 5) in base 12?
8
What is 9 (base 10) in base 7?
12
What is -10 (base 10) in base 8?
-12
-d7 (base 14) to base 2
-10111101
Convert 2 (base 6) to base 11.
2
3 (base 15) to base 16
3
Convert d (base 16) to base 3.
111
-2 (base 8) to base 11
-2
-7 (base 13) to base 10
-7
What is 0 (base 16) in base 4?
0
What is 213 (base 12) in base 3?
102020
79 (base 10) to base 12
67
10 (base 9) to base 14
9
-1 (base 12) to base 11
-1
Convert -31 (base 4) to base 5.
-23
Convert 0 (base 13) to base 15.
0
Convert -52 (base 6) to base 12.
-28
1 (base 8) to base 13
1
6 (base 13) to base 16
6
Convert 14 (base 11) to base 5.
30
Convert 3 (base 13) to base 14.
3
-10 (base 9) to base 2
-1001
-11 (base 13) to base 15
-e
Convert 4 (base 7) to base 6.
4
-12 (base 7) to base 10
-9
Convert 0 (base 8) to base 12.
0
What is 43 (base 10) in base 16?
2b
2 (base 7) to base 11
2
-5 (base 7) to base 3
-12
What is -42 (base 8) in base 3?
-1021
-7 (base 12) to base 10
-7
-1 (base 6) to base 3
-1
What is -24 (base 5) in base 13?
-11
Convert 2 (base 13) to base 12.
2
Convert 142 (base 6) to base 3.
2022
-75 (base 14) to base 2
-1100111
What is -34 (base 5) in base 4?
-103
What is -4 (base 10) in base 14?
-4
What is 2222 (base 3) in base 14?
5a
-b (base 12) to base 13
-b
What is 66 (base 12) in base 16?
4e
What is 1 (base 16) in base 11?
1
What is -46 (base 9) in base 3?
-1120
13 (base 6) to base 12
9
1000000 (base 2) to base 4
1000
Convert 331 (base 7) to base 15.
b4
-18 (base 9) to base 10
-17
100 (base 2) to base 8
4
36 (base 10) to base 11
33
2 (base 6) to base 3
2
What is -36 (base 16) in base 14?
-3c
-31 (base 6) to base 11
-18
Convert -10 (base 3) to base 13.
-3
Convert -8 (base 11) to base 15.
-8
3 (base 6) to base 11
3
What is -21 (base 7) in base 8?
-17
Convert -543 (base 6) to base 9.
-250
Convert -3 (base 6) to base 11.
-3
Convert 164 (base 11) to base 13.
119
Convert 25 (base 16) to base 5.
122
-1 (base 15) to base 12
-1
49 (base 14) to base 2
1000001
What is -27 (base 11) in base 3?
-1002
Convert -51 (base 13) to base 15.
-46
What is 6c (base 15) in base 9?
123
What is 31 (base 9) in base 11?
26
-6 (base 15) to base 16
-6
What is 38 (base 11) in base 5?
131
What is -3 (base 8) in base 14?
-3
What is 44 (base 5) in base 12?
20
-2 (base 14) to base 2
-10
Convert -2001 (base 4) to base 2.
-10000001
Convert 17 (base 8) to base 3.
120
What is 2 (base 7) in base 6?
2
-412 (base 7) to base 13
-12a
Convert -2 (base 10) to base 12.
-2
Convert 345 (base 8) to base 9.
274
Convert -6 (base 14) to base 11.
-6
Convert 14 (base 7) to base 12.
b
11 (base 2) to base 9
3
1 (base 6) to base 8
1
What is 2 (base 4) in base 16?
2
Convert 312 (base 4) to base 13.
42
What is -10001 (base 2) in base 15?
-12
10 (base 5) to base 13
5
16 (base 7) to base 13
10
What is 25 (base 10) in base 8?
31
What is 52 (base 12) in base 5?
222
What is 100001001 (base 2) in base 16?
109
-2001 (base 4) to base 15
-89
15 (base 15) to base 11
19
-4 (base 9) to base 10
-4
Convert -223 (base 4) to base 12.
-37
What is -11 (base 5) in base 11?
-6
What is 4 (base 15) in base 11?
4
4 (base 11) to base 3
11
-13 (base 8) to base 5
-21
103 (base 4) to base 11
18
-2 (base 5) to base 12
-2
13 (base 5) to base 14
8
Convert -87 (base 13) to base 3.
-11010
Convert 77 (base 13) to base 14.
70
What is 15 (base 13) in base 4?
102
Convert -2 (base 12) to base 2.
-10
What is -41 (base 10) in base 13?
-32
Convert -126 (base 7) to base 14.
-4d
Convert 1112 (base 4) to base 16.
56
3 (base 8) to base 9
3
-49 (base 10) to base 9
-54
-3 (base 15) to base 6
-3
What is 0 (base 6) in base 15?
0
Convert 0 (base 16) to base 12.
0
What is -2214 (base 5) in base 3?
-102110
-162 (base 7) to base 8
-135
What is 10 (base 12) in base 6?
20
Convert -b (base 12) to base 8.
-13
Convert -2 (base 12) to base 4.
-2
Convert 18 (base 9) to base 15.
12
What is 1 (base 2) in base 15?
1
Convert 2 (base 15) to base 5.
2
-2 (base 10) to base 2
-10
-2000 (base 4) to base 12
-a8
-4 (base 13) to base 11
-4
-12 (base 16) to base 15
-13
Convert -120 (base 3) to base 8.
-17
What is 5 (base 13) in base 3?
12
Convert 101 (base 8) to base 3.
2102
What is 0 (base 5) in base 16?
0
23 (base 6) to base 11
14
9 (base 14) to base 6
13
12212 (base 3) to base 16
9e
Convert 10 (base 4) to base 13.
4
What is 27 (base 9) in base 4?
121
Convert 2 (base 16) to base 10.
2
Convert -3 (base 11) to base 6.
-3
What is 17 (base 13) in base 14?
16
What is 4 (base 16) in base 10?
4
Convert -d (base 15) to base 14.
-d
-12 (base 15) to base 16
-11
What is -7 (base 11) in base 16?
-7
What is -36 (base 7) in base 8?
-33
1 (base 5) to base 11
1
Convert 10011 (base 2) to base 8.
23
-100000 (base 2) to base 12
-28
b (base 16) to base 10
11
Convert -21 (base 16) to base 8.
-41
Convert 90 (base 11) to base 13.
78
What is -8 (base 11) in base 16?
-8
What is -10010 (base 2) in base 12?
-16
What is 11 (base 10) in base 9?
12
Convert -1 (base 7) to base 15.
-1
Convert -1a (base 16) to base 4.
-122
What is -67 (base 12) in base 10?
-79
-2 (base 4) to base 7
-2
-2 (base 13) to base 6
-2
What is -1 (base 4) in base 12?
-1
-3 (base 12) to base 10
-3
44 (base 10) to base 15
2e
3 (base 6) to base 15
3
What is -1122 (base 6) in base 3?
-100212
Convert 4 (base 13) to base 15.
4
Convert 6 (base 14) to base 9.
6
Convert 1111001 (base 2) to base 7.
232
Convert 205 (base 6) to base 12.
65
What is 9 (base 11) in base 5?
14
Convert 0 (base 3) to base 16.
0
-4 (base 6) to base 15
-4
What is -2 (base 8) in base 16?
-2
What is 143 (base 6) in base 16?
3f
Convert 21 (base 10) to base 3.
210